{"id":13,"date":"2024-01-22T18:43:15","date_gmt":"2024-01-22T17:43:15","guid":{"rendered":"https:\/\/www.mayaelle.org\/?page_id=13"},"modified":"2025-11-06T12:32:12","modified_gmt":"2025-11-06T11:32:12","slug":"qui-suis-je","status":"publish","type":"page","link":"https:\/\/www.mayaelle.org\/es\/qui-suis-je\/","title":{"rendered":"\u00bfQUI\u00c9N SOY?"},"content":{"rendered":"\n<p class=\"has-heading-font-family\" style=\"font-size:clamp(0.875rem, 0.875rem + ((1vw - 0.2rem) * 0.708), 1.3rem);\">En un mundo donde la salud mental se vuelve&nbsp;fr\u00e1gil,&nbsp;participar en transmitir recursos a la gente para estar mejor, seg\u00fan su libre albedr\u00edo, sus propias elecciones, es mi motor.<\/p>\n\n\n\n<p><br><br>NO SOY:<br><br>No soy una profesional del marketing, que pone todas las palabras clave en un sitio web m\u00f3vil que desliza sus miedos, sus expectativas, para ofrecerle la soluci\u00f3n, oh milagrosa, 70% m\u00e1s barata si la toma en 6 horas, y dici\u00e9ndole que si no lo hace, es que no est\u00e1 listo\/a para invertir en usted.<br><em>Saber m\u00e1s sobre estas t\u00e9cnicas <a href=\"https:\/\/metadechoc.fr\/podcast\/coaching-eldorado-de-la-manipulation-mentale\/\" rel=\"noopener\">Podcast Meta de Choc<\/a><\/em> (fr)<br><br>No soy una coach formada en t\u00e9cnicas de desarrollo personal y que se centra en el apoyo de personas peculiares, at\u00edpicas, con alta capacidad intelectual o hipersensibles, lanz\u00e1ndose en este mercado con mucha publicidad e IA para generar contenido que se vende.<br><em>Saber m\u00e1s sobre el lucrativo mercado de la hipersensibilidad: ver los numerosos videos y coach que apuestan sobre, y <a href=\"https:\/\/www.lexpress.fr\/societe\/coachs-livres-spectacles-le-juteux-business-de-l-hypersensibilite_2166576.html?cmp_redirect=true\" rel=\"noopener\">este art\u00edculo del Express<\/a> <\/em>(fr)<br><br>No soy esa terapeuta que habla de sus miedos y de este mundo angustioso, aprovechando un burnout o estado depresivo para establecer un control mental y vender servicios. Este proceso est\u00e1 denunciado y se basa en un enfoque y seducci\u00f3n, y poco a poco el control sobre la persona se crea. Esto puede llegar hasta la dependencia del cliente hacia el terapeuta o la t\u00e9cnica, pasando por el aislamiento y la dependencia econ\u00f3mica, aprovechando el hecho de que sin su terapeuta o su t\u00e9cnica, \u00abusted estar\u00e1 claramente menos bien\u00bb.<br><em><a href=\"https:\/\/www.linkedin.com\/posts\/miviludes_les-d\u00e9rives-sectaires-au-sein-des-\u00e9tablissements-activity-7303771051061096448-jZhe\/?utm_medium=ios_app&amp;rcm=ACoAAE-0L-EB86ZcuZeqNPXgw_JDMPPNvSCdipI&amp;utm_source=social_share_video_v2&amp;utm_campaign=share_via\" data-type=\"link\" data-id=\"https:\/\/www.linkedin.com\/posts\/miviludes_les-d\u00e9rives-sectaires-au-sein-des-\u00e9tablissements-activity-7303771051061096448-jZhe\/?utm_medium=ios_app&amp;rcm=ACoAAE-0L-EB86ZcuZeqNPXgw_JDMPPNvSCdipI&amp;utm_source=social_share_video_v2&amp;utm_campaign=share_via\" rel=\"noopener\">Saber m\u00e1s en v\u00eddeo<\/a><\/em> (fr)<em><br><a href=\"https:\/\/www.miviludes.interieur.gouv.fr\/quest-ce-quune-d\u00e9rive-sectaire\/o\u00f9-la-d\u00e9celer\/les-d\u00e9rives-sectaires-dans-le-domaine-de-la-sant\u00e9\/comme\" data-type=\"link\" data-id=\"https:\/\/www.miviludes.interieur.gouv.fr\/quest-ce-quune-d\u00e9rive-sectaire\/o\u00f9-la-d\u00e9celer\/les-d\u00e9rives-sectaires-dans-le-domaine-de-la-sant\u00e9\/comme\" rel=\"noopener\">Saber m\u00e1s sobre la p\u00e1gina web de la Mivilude<\/a><\/em> (fr)<br><br><\/p>\n\n\n\n<p>SOY:<\/p>\n\n\n\n<p>S\u00ed, soy una mujer que hizo un cambio de carrera despu\u00e9s de 20 a\u00f1os en su propia empresa.<br><br>S\u00ed, soy una persona que se ha formado, para adquirir verdaderos conocimientos acad\u00e9micos y de EBM (Evidence Based Medecin), y se profesionaliza sobre un conocimiento experiencial.<br><br>S\u00ed, soy una madre, una hermana, una hija, una mujer que luch\u00f3 por sus seres queridos&nbsp;neurodivergentes, por comprenderlos y explicarlos al mundo, todo&nbsp;mientras intentaba explicarles este mundo.<br><br>S\u00ed, soy imperfecta, tengo cantidad de cosas que aprender todav\u00eda, y es obvio que a veces me equivoco. Y quiz\u00e1s eso me hace m\u00e1s humana, con esa humildad que me da el gusto de una y otra vez buscar y avanzar.<br><br>S\u00ed, creo que tener confianza en las capacidades del profesional que consultamos, verificar sus calificaciones y camino, experimentar ser escuchado y respetado, sentirse libre, es esencial para construir algo eficaz. <br><\/p>\n\n\n\n<p><br>EL TRABAJO EN REDES <br><br>Trabajo en red con profesionales de la salud y profesionales de la educaci\u00f3n, asociaciones de apoyo y ayuda a v\u00edctimas, y trabajadores sociales.<br>Mis acompa\u00f1amientos no sustituyen en nada un seguimiento m\u00e9dico o psicol\u00f3gico.<br><br><br>LA ESPECIFICIDAD DEL TRAUMA <br><br>Mi papel como par-ayudante familiar y coach de vida racional es ofrecer un espacio de palabra seguro, una gu\u00eda para el cotidiano, y acompa\u00f1ar sobre objetivos concretos.<br><br>Por otro lado, el <a href=\"https:\/\/leblogdepetiteloutre.com\/2025\/03\/23\/autisme-et-trouble-stress-post-traumatique-ptsd-tsa\/\" rel=\"noopener\">psicotrauma o estr\u00e9s postraum\u00e1tico complejo<\/a> (fr) afecta desafortunadamente a una gran parte de la poblaci\u00f3n\u00a0con trastorno del neurodesarrollo.<br><br>Es un dominio delicado, que debe ser abordado con cuidado y por un profesional de la salud formado y reconocido.<br>El combo TEA y trauma es espec\u00edfico.<br>Podemos hablarlo para entender mejor las cosas importantes y orientarle, pero no ofrezco acompa\u00f1amiento sobre este tema.<br><br>En el contexto del autismo, es muy importante que sea abordado con un profesional capaz de establecer previamente el clima de confianza emocional y sensorial necesario, y que luego pueda tomar tiempo para acompa\u00f1ar a la persona. No se toca al trauma sin un marco profesional y seguro, y no se deja la persona salir del consultorio mientras no est\u00e9 apaciguada. Este apoyo debe hacerse en un marco seguro, por un profesional competente y reconocido. Atenci\u00f3n con los vendedores de soluciones alternativas que pueden producir el efecto contrario y conducir a un fen\u00f3meno de control psicol\u00f3gico. No dude a pedir varias opiniones sobre todo profesional que consulte, a verificar sus formaciones y referencias, y a irse (\u00a1incluso aqu\u00ed!) cuando no vaya bien.<\/p>\n\n\n\n<p><\/p>\n","protected":false},"excerpt":{"rendered":"<p>En un mundo donde la salud mental se vuelve&nbsp;fr\u00e1gil,&nbsp;participar en transmitir recursos a la gente para estar mejor, seg\u00fan su libre albedr\u00edo, sus propias elecciones, es mi motor. NO SOY: No soy una profesional del marketing, que pone todas las palabras clave en un sitio web m\u00f3vil que desliza sus miedos, sus expectativas, para ofrecerle [&hellip;]<\/p>\n","protected":false},"author":1,"featured_media":0,"parent":0,"menu_order":0,"comment_status":"closed","ping_status":"closed","template":"","meta":{"footnotes":""},"class_list":["post-13","page","type-page","status-publish","hentry"],"pbg_featured_image_src":{"full":false,"thumbnail":false,"medium":false,"medium_large":false,"large":false,"1536x1536":false,"2048x2048":false},"pbg_author_info":{"display_name":"admin","author_link":"https:\/\/www.mayaelle.org\/es\/author\/admin\/","author_img":"<img src=\"https:\/\/www.mayaelle.org\/es\/wp-content\/plugins\/profilegrid-user-profiles-groups-and-communities\/public\/\/partials\/images\/admin-default-user.png\" width=\"128\" height=\"128\" class=\"user-profile-image\" \/>"},"pbg_comment_info":" No Comments","pbg_excerpt":"En un mundo donde la salud mental se vuelve&nbsp;fr\u00e1gil,&nbsp;participar en transmitir recursos a la gente para estar mejor, seg\u00fan su libre albedr\u00edo, sus propias elecciones, es mi motor. NO SOY: No soy una profesional del marketing, que pone todas las palabras clave en un sitio web m\u00f3vil que desliza sus miedos, sus expectativas, para ofrecerle&hellip;","_links":{"self":[{"href":"https:\/\/www.mayaelle.org\/es\/wp-json\/wp\/v2\/pages\/13","targetHints":{"allow":["GET"]}}],"collection":[{"href":"https:\/\/www.mayaelle.org\/es\/wp-json\/wp\/v2\/pages"}],"about":[{"href":"https:\/\/www.mayaelle.org\/es\/wp-json\/wp\/v2\/types\/page"}],"author":[{"embeddable":true,"href":"https:\/\/www.mayaelle.org\/es\/wp-json\/wp\/v2\/users\/1"}],"replies":[{"embeddable":true,"href":"https:\/\/www.mayaelle.org\/es\/wp-json\/wp\/v2\/comments?post=13"}],"version-history":[{"count":17,"href":"https:\/\/www.mayaelle.org\/es\/wp-json\/wp\/v2\/pages\/13\/revisions"}],"predecessor-version":[{"id":2902,"href":"https:\/\/www.mayaelle.org\/es\/wp-json\/wp\/v2\/pages\/13\/revisions\/2902"}],"wp:attachment":[{"href":"https:\/\/www.mayaelle.org\/es\/wp-json\/wp\/v2\/media?parent=13"}],"curies":[{"name":"wp","href":"https:\/\/api.w.org\/{rel}","templated":true}]}}

¿QUIÉN SOY?

<p class="has-heading-font-family" style="font-size:clamp(0.875rem, 0.875rem + ((1vw - 0.2rem) * 0.708), 1.3rem);">En un mundo donde la salud mental se vuelve&nbsp;frágil,&nbsp;participar en transmitir recursos a la gente para estar mejor, según su libre albedrío, sus propias elecciones, es mi motor.</p>



<p><br><br>NO SOY:<br><br>No soy una profesional del marketing, que pone todas las palabras clave en un sitio web móvil que desliza sus miedos, sus expectativas, para ofrecerle la solución, oh milagrosa, 70% más barata si la toma en 6 horas, y diciéndole que si no lo hace, es que no está listo/a para invertir en usted.<br><em>Saber más sobre estas técnicas <a href="https://metadechoc.fr/podcast/coaching-eldorado-de-la-manipulation-mentale/" rel="noopener">Podcast Meta de Choc</a></em> (fr)<br><br>No soy una coach formada en técnicas de desarrollo personal y que se centra en el apoyo de personas peculiares, atípicas, con alta capacidad intelectual o hipersensibles, lanzándose en este mercado con mucha publicidad e IA para generar contenido que se vende.<br><em>Saber más sobre el lucrativo mercado de la hipersensibilidad: ver los numerosos videos y coach que apuestan sobre, y <a href="https://www.lexpress.fr/societe/coachs-livres-spectacles-le-juteux-business-de-l-hypersensibilite_2166576.html?cmp_redirect=true" rel="noopener">este artículo del Express</a> </em>(fr)<br><br>No soy esa terapeuta que habla de sus miedos y de este mundo angustioso, aprovechando un burnout o estado depresivo para establecer un control mental y vender servicios. Este proceso está denunciado y se basa en un enfoque y seducción, y poco a poco el control sobre la persona se crea. Esto puede llegar hasta la dependencia del cliente hacia el terapeuta o la técnica, pasando por el aislamiento y la dependencia económica, aprovechando el hecho de que sin su terapeuta o su técnica, «usted estará claramente menos bien».<br><em><a href="https://www.linkedin.com/posts/miviludes_les-dérives-sectaires-au-sein-des-établissements-activity-7303771051061096448-jZhe/?utm_medium=ios_app&amp;rcm=ACoAAE-0L-EB86ZcuZeqNPXgw_JDMPPNvSCdipI&amp;utm_source=social_share_video_v2&amp;utm_campaign=share_via" data-type="link" data-id="https://www.linkedin.com/posts/miviludes_les-dérives-sectaires-au-sein-des-établissements-activity-7303771051061096448-jZhe/?utm_medium=ios_app&amp;rcm=ACoAAE-0L-EB86ZcuZeqNPXgw_JDMPPNvSCdipI&amp;utm_source=social_share_video_v2&amp;utm_campaign=share_via" rel="noopener">Saber más en vídeo</a></em> (fr)<em><br><a href="https://www.miviludes.interieur.gouv.fr/quest-ce-quune-dérive-sectaire/où-la-déceler/les-dérives-sectaires-dans-le-domaine-de-la-santé/comme" data-type="link" data-id="https://www.miviludes.interieur.gouv.fr/quest-ce-quune-dérive-sectaire/où-la-déceler/les-dérives-sectaires-dans-le-domaine-de-la-santé/comme" rel="noopener">Saber más sobre la página web de la Mivilude</a></em> (fr)<br><br></p>



<p>SOY:</p>



<p>Sí, soy una mujer que hizo un cambio de carrera después de 20 años en su propia empresa.<br><br>Sí, soy una persona que se ha formado, para adquirir verdaderos conocimientos académicos y de EBM (Evidence Based Medecin), y se profesionaliza sobre un conocimiento experiencial.<br><br>Sí, soy una madre, una hermana, una hija, una mujer que luchó por sus seres queridos&nbsp;neurodivergentes, por comprenderlos y explicarlos al mundo, todo&nbsp;mientras intentaba explicarles este mundo.<br><br>Sí, soy imperfecta, tengo cantidad de cosas que aprender todavía, y es obvio que a veces me equivoco. Y quizás eso me hace más humana, con esa humildad que me da el gusto de una y otra vez buscar y avanzar.<br><br>Sí, creo que tener confianza en las capacidades del profesional que consultamos, verificar sus calificaciones y camino, experimentar ser escuchado y respetado, sentirse libre, es esencial para construir algo eficaz. <br></p>



<p><br>EL TRABAJO EN REDES <br><br>Trabajo en red con profesionales de la salud y profesionales de la educación, asociaciones de apoyo y ayuda a víctimas, y trabajadores sociales.<br>Mis acompañamientos no sustituyen en nada un seguimiento médico o psicológico.<br><br><br>LA ESPECIFICIDAD DEL TRAUMA <br><br>Mi papel como par-ayudante familiar y coach de vida racional es ofrecer un espacio de palabra seguro, una guía para el cotidiano, y acompañar sobre objetivos concretos.<br><br>Por otro lado, el <a href="https://leblogdepetiteloutre.com/2025/03/23/autisme-et-trouble-stress-post-traumatique-ptsd-tsa/" rel="noopener">psicotrauma o estrés postraumático complejo</a> (fr) afecta desafortunadamente a una gran parte de la población con trastorno del neurodesarrollo.<br><br>Es un dominio delicado, que debe ser abordado con cuidado y por un profesional de la salud formado y reconocido.<br>El combo TEA y trauma es específico.<br>Podemos hablarlo para entender mejor las cosas importantes y orientarle, pero no ofrezco acompañamiento sobre este tema.<br><br>En el contexto del autismo, es muy importante que sea abordado con un profesional capaz de establecer previamente el clima de confianza emocional y sensorial necesario, y que luego pueda tomar tiempo para acompañar a la persona. No se toca al trauma sin un marco profesional y seguro, y no se deja la persona salir del consultorio mientras no esté apaciguada. Este apoyo debe hacerse en un marco seguro, por un profesional competente y reconocido. Atención con los vendedores de soluciones alternativas que pueden producir el efecto contrario y conducir a un fenómeno de control psicológico. No dude a pedir varias opiniones sobre todo profesional que consulte, a verificar sus formaciones y referencias, y a irse (¡incluso aquí!) cuando no vaya bien.</p>



<p></p>

<p>En un mundo donde la salud mental se vuelve&nbsp;frágil,&nbsp;participar en transmitir recursos a la gente para estar mejor, según su libre albedrío, sus propias elecciones, es mi motor. NO SOY: No soy una profesional del marketing, que pone todas las palabras clave en un sitio web móvil que desliza sus miedos, sus expectativas, para ofrecerle [&hellip;]</p>

En un mundo donde la salud mental se vuelve&nbsp;frágil,&nbsp;participar en transmitir recursos a la gente para estar mejor, según su libre albedrío, sus propias elecciones, es mi motor. NO SOY: No soy una profesional del marketing, que pone todas las palabras clave en un sitio web móvil que desliza sus miedos, sus expectativas, para ofrecerle&hellip;
