{"id":1339,"date":"2025-02-14T16:15:22","date_gmt":"2025-02-14T15:15:22","guid":{"rendered":"https:\/\/www.mayaelle.org\/?page_id=1339"},"modified":"2025-10-14T12:23:52","modified_gmt":"2025-10-14T10:23:52","slug":"ehpad","status":"publish","type":"page","link":"https:\/\/www.mayaelle.org\/es\/formations\/ehpad\/","title":{"rendered":"Residencia de ancianos"},"content":{"rendered":"\n<p><\/p>\n\n\n\n<p>El autismo y los trastornos del desarrollo neurol\u00f3gico en personas mayores, se habla poco de ello.&nbsp;<\/p>\n\n\n\n<p>Pero tambi\u00e9n es una realidad.&nbsp;<\/p>\n\n\n\n<p>Hija de un autista con un coeficiente intelectual muy alto, padeciendo\u00a0tambi\u00e9n\u00a0del\u00a0s\u00edndrome de\u00a0Di\u00f3genes, mi hermana y yo tuvimos que guiar al equipo de atenci\u00f3n m\u00e9dica en el tratamiento de este personaje que\u00a0sal\u00eda\u00a0del marco y, desafortunadamente para \u00e9l y el equipo, plante\u00f3 numerosas preguntas, insult\u00f3 a varios cuidadores que intentaban atenderlo mientras\u00a0\u00e9l\u00a0se sent\u00eda atacado en su cuerpo y desestabilizado por la\u00a0p\u00e9rdida de rutina.<\/p>\n\n\n\n<p>As\u00ed, acompa\u00f1ar a la persona mayor autista, y orientar al equipo de atenci\u00f3n, es una necesidad para reducir las dificultades en ambos lados, la violencia de la situaci\u00f3n, y los comportamientos de desaf\u00edo o la p\u00e9rdida de gusto por la vida que pueden seguir.<\/p>\n","protected":false},"excerpt":{"rendered":"<p>El autismo y los trastornos del desarrollo neurol\u00f3gico en personas mayores, se habla poco de ello.&nbsp; Pero tambi\u00e9n es una realidad.&nbsp; Hija de un autista con un coeficiente intelectual muy alto, padeciendo\u00a0tambi\u00e9n\u00a0del\u00a0s\u00edndrome de\u00a0Di\u00f3genes, mi hermana y yo tuvimos que guiar al equipo de atenci\u00f3n m\u00e9dica en el tratamiento de este personaje que\u00a0sal\u00eda\u00a0del marco y, desafortunadamente [&hellip;]<\/p>\n","protected":false},"author":1,"featured_media":0,"parent":1327,"menu_order":0,"comment_status":"open","ping_status":"closed","template":"","meta":{"footnotes":""},"class_list":["post-1339","page","type-page","status-publish","hentry"],"pbg_featured_image_src":{"full":false,"thumbnail":false,"medium":false,"medium_large":false,"large":false,"1536x1536":false,"2048x2048":false},"pbg_author_info":{"display_name":"admin","author_link":"https:\/\/www.mayaelle.org\/es\/author\/admin\/","author_img":"<img src=\"https:\/\/www.mayaelle.org\/es\/wp-content\/plugins\/profilegrid-user-profiles-groups-and-communities\/public\/\/partials\/images\/admin-default-user.png\" width=\"128\" height=\"128\" class=\"user-profile-image\" \/>"},"pbg_comment_info":" No Comments","pbg_excerpt":"El autismo y los trastornos del desarrollo neurol\u00f3gico en personas mayores, se habla poco de ello.&nbsp; Pero tambi\u00e9n es una realidad.&nbsp; Hija de un autista con un coeficiente intelectual muy alto, padeciendo\u00a0tambi\u00e9n\u00a0del\u00a0s\u00edndrome de\u00a0Di\u00f3genes, mi hermana y yo tuvimos que guiar al equipo de atenci\u00f3n m\u00e9dica en el tratamiento de este personaje que\u00a0sal\u00eda\u00a0del marco y, desafortunadamente&hellip;","_links":{"self":[{"href":"https:\/\/www.mayaelle.org\/es\/wp-json\/wp\/v2\/pages\/1339","targetHints":{"allow":["GET"]}}],"collection":[{"href":"https:\/\/www.mayaelle.org\/es\/wp-json\/wp\/v2\/pages"}],"about":[{"href":"https:\/\/www.mayaelle.org\/es\/wp-json\/wp\/v2\/types\/page"}],"author":[{"embeddable":true,"href":"https:\/\/www.mayaelle.org\/es\/wp-json\/wp\/v2\/users\/1"}],"replies":[{"embeddable":true,"href":"https:\/\/www.mayaelle.org\/es\/wp-json\/wp\/v2\/comments?post=1339"}],"version-history":[{"count":7,"href":"https:\/\/www.mayaelle.org\/es\/wp-json\/wp\/v2\/pages\/1339\/revisions"}],"predecessor-version":[{"id":2761,"href":"https:\/\/www.mayaelle.org\/es\/wp-json\/wp\/v2\/pages\/1339\/revisions\/2761"}],"up":[{"embeddable":true,"href":"https:\/\/www.mayaelle.org\/es\/wp-json\/wp\/v2\/pages\/1327"}],"wp:attachment":[{"href":"https:\/\/www.mayaelle.org\/es\/wp-json\/wp\/v2\/media?parent=1339"}],"curies":[{"name":"wp","href":"https:\/\/api.w.org\/{rel}","templated":true}]}}

<p></p>



<p>El autismo y los trastornos del desarrollo neurológico en personas mayores, se habla poco de ello.&nbsp;</p>



<p>Pero también es una realidad.&nbsp;</p>



<p>Hija de un autista con un coeficiente intelectual muy alto, padeciendo también del síndrome de Diógenes, mi hermana y yo tuvimos que guiar al equipo de atención médica en el tratamiento de este personaje que salía del marco y, desafortunadamente para él y el equipo, planteó numerosas preguntas, insultó a varios cuidadores que intentaban atenderlo mientras él se sentía atacado en su cuerpo y desestabilizado por la pérdida de rutina.</p>



<p>Así, acompañar a la persona mayor autista, y orientar al equipo de atención, es una necesidad para reducir las dificultades en ambos lados, la violencia de la situación, y los comportamientos de desafío o la pérdida de gusto por la vida que pueden seguir.</p>

<p>El autismo y los trastornos del desarrollo neurológico en personas mayores, se habla poco de ello.&nbsp; Pero también es una realidad.&nbsp; Hija de un autista con un coeficiente intelectual muy alto, padeciendo también del síndrome de Diógenes, mi hermana y yo tuvimos que guiar al equipo de atención médica en el tratamiento de este personaje que salía del marco y, desafortunadamente [&hellip;]</p>

El autismo y los trastornos del desarrollo neurológico en personas mayores, se habla poco de ello.&nbsp; Pero también es una realidad.&nbsp; Hija de un autista con un coeficiente intelectual muy alto, padeciendo también del síndrome de Diógenes, mi hermana y yo tuvimos que guiar al equipo de atención médica en el tratamiento de este personaje que salía del marco y, desafortunadamente&hellip;
