{"id":1353,"date":"2025-02-14T16:18:24","date_gmt":"2025-02-14T15:18:24","guid":{"rendered":"https:\/\/www.mayaelle.org\/?page_id=1353"},"modified":"2025-12-01T11:33:06","modified_gmt":"2025-12-01T10:33:06","slug":"individuelle","status":"publish","type":"page","link":"https:\/\/www.mayaelle.org\/es\/seances\/individuelle\/","title":{"rendered":"Individual"},"content":{"rendered":"\n<p><br><br>TESTIMONIO<br>\u00abYa\u00eblle fue el salvavidas que me impidi\u00f3 hundirme gracias a su gu\u00eda, competente, para encontrar el manual de usuario de mi autismo.\u00bb<br><br>\u00bfPOR QU\u00c9?<br>Para decir lo que no conseguimos decir en otros lugares, para hacer un paso de lado, intentar descifrar y comprender mejor lo que vivimos, para encontrar consejos para el cotidiano, para las relaciones, para el trabajo. Cosas que nos permitan a la vez mejor respectarnos a nosotros mismos, menos forzar, menos enmascarar, todo siendo mejor comprendidos y respetados por quienes nos rodean.<br><br>\u00bfEXACTAMENTE QU\u00c9?<br>Ya sea a trav\u00e9s del apoyo de la par-ayuda o del coaching de vida racional, el objetivo es brindarle elementos de comprensi\u00f3n y herramientas para favorecer su bienestar, dependiendo de lo que est\u00e9 atravesando y de su solicitud. <br><br>LA PROPUESTA<br>&#8211; Sesi\u00f3n de 50 minutos en individual.<br>&#8211; Antes de la primera sesi\u00f3n, aprecio que me env\u00ede un correo electr\u00f3nico de presentaci\u00f3n para mejor prepararme al contexto.<br>&#8211; Durante la sesi\u00f3n en presencial o en videollamada, el formato es flexible. Puede hablar primero o no.<br>&#8211; En caso de videollamada, la c\u00e1mara es necesaria para la introducci\u00f3n, luego puede apagarla.<br>&#8211; No hay compromiso, hace la o las sesiones que necesite.<br>&#8211; Antes o despu\u00e9s de cada sesi\u00f3n, sois libres de enviarme un correo para expresar su experiencia o hacer preguntas.<br><br>EL VALOR<br>64\u20ac IVA incluido (21% de IVA incluido) por sesi\u00f3n.<br>50% de descuento para menores, personas sin trabajo y estudiantes.<\/p>\n\n\n\n<p><a href=\"https:\/\/calendly.com\/hello-mayaelle\/decouverte?month=2025-10\" data-type=\"link\" data-id=\"https:\/\/calendly.com\/hello-mayaelle\/decouverte?month=2025-10\" target=\"_blank\" rel=\"noreferrer noopener\">Reservar mi sesi\u00f3n descubrimiento 20 min gratuita<\/a><\/p>\n\n\n\n<p><a href=\"https:\/\/calendly.com\/hello-mayaelle\/seance?month=2025-10\" target=\"_blank\" rel=\"noreferrer noopener\">Reservar mi sesi\u00f3n de 50 minutos<\/a><\/p>\n\n\n\n<p><a href=\"https:\/\/calendly.com\/hello-mayaelle\/seance-clone\" target=\"_blank\" rel=\"noreferrer noopener\">Reservar mi sesi\u00f3n a mitad de precio<\/a><\/p>\n\n\n\n<p><a href=\"https:\/\/calendly.com\/hello-mayaelle\/seance-a-prix-soutien\" target=\"_blank\" rel=\"noreferrer noopener\">Reservar mi sesi\u00f3n con precio de apoyo para otra persona<\/a><br><br><\/p>\n\n\n\n<p>OTROS LUGARES PARA EL ACOMPA\u00d1AMIENTO (fr)<br><a href=\"https:\/\/www.autisme-ressources-lr.fr\/familles\/guidance-parentale\" rel=\"noopener\">Acomp\u00e1\u00f1anos<\/a><br><a href=\"https:\/\/alexandrawonderhuman.wordpress.com\" rel=\"noopener\">Alexandra Sturer<\/a> par-ayuda profesional, especializaci\u00f3n en TND (Trastornos del Neurodesarrollo), API (Alta Capacidad Intelectual), entorno inclusivo y amable comunidad LGBTQIA+<br><a href=\"https:\/\/www.therasphere.fr\" data-type=\"link\" data-id=\"https:\/\/www.therasphere.fr\" rel=\"noopener\">Fanny Terrisse<\/a> psic\u00f3loga especializada en EMDR, traumatolog\u00eda y TND<br><a href=\"https:\/\/annuaire.autismeinfoservice.fr\/fiche\/details\/id:3956\/\" rel=\"noopener\">Astrid Kremmer<\/a> TEA API TND TDAH perfil sensorial, acompa\u00f1amiento<br><a href=\"https:\/\/www.genepsy.com\" rel=\"noopener\">GENEPSY<\/a> evaluaci\u00f3n del funcionamiento cognitivo, comportamental y emocional, TCC<br>P\u00e1gina web <a href=\"https:\/\/graafautisme.wixsite.com\/graafautisme\" rel=\"noopener\">GRAIF<\/a> agrupamiento de mujeres autistas<br><a href=\"https:\/\/www.psycom.org\" rel=\"noopener\">Psycom<\/a> directorio, recursos, herramientas, lugares de acompa\u00f1amiento, asociaciones<br><a href=\"https:\/\/cn2r.fr\/marie-rabatel-vulnarabilite-des-femmes-avec-tsa-et-tspt\/\" rel=\"noopener\">Autismo y estr\u00e9s postraum\u00e1tico<\/a><\/p>\n\n\n\n<p><\/p>\n\n\n\n<p><\/p>\n\n\n\n<p><\/p>\n","protected":false},"excerpt":{"rendered":"<p>TESTIMONIO\u00abYa\u00eblle fue el salvavidas que me impidi\u00f3 hundirme gracias a su gu\u00eda, competente, para encontrar el manual de usuario de mi autismo.\u00bb \u00bfPOR QU\u00c9?Para decir lo que no conseguimos decir en otros lugares, para hacer un paso de lado, intentar descifrar y comprender mejor lo que vivimos, para encontrar consejos para el cotidiano, para las [&hellip;]<\/p>\n","protected":false},"author":1,"featured_media":0,"parent":1329,"menu_order":0,"comment_status":"closed","ping_status":"closed","template":"","meta":{"footnotes":""},"class_list":["post-1353","page","type-page","status-publish","hentry"],"pbg_featured_image_src":{"full":false,"thumbnail":false,"medium":false,"medium_large":false,"large":false,"1536x1536":false,"2048x2048":false},"pbg_author_info":{"display_name":"admin","author_link":"https:\/\/www.mayaelle.org\/es\/author\/admin\/","author_img":"<img src=\"https:\/\/www.mayaelle.org\/es\/wp-content\/plugins\/profilegrid-user-profiles-groups-and-communities\/public\/\/partials\/images\/admin-default-user.png\" width=\"128\" height=\"128\" class=\"user-profile-image\" \/>"},"pbg_comment_info":" No Comments","pbg_excerpt":"TESTIMONIO\u00abYa\u00eblle fue el salvavidas que me impidi\u00f3 hundirme gracias a su gu\u00eda, competente, para encontrar el manual de usuario de mi autismo.\u00bb \u00bfPOR QU\u00c9?Para decir lo que no conseguimos decir en otros lugares, para hacer un paso de lado, intentar descifrar y comprender mejor lo que vivimos, para encontrar consejos para el cotidiano, para las&hellip;","_links":{"self":[{"href":"https:\/\/www.mayaelle.org\/es\/wp-json\/wp\/v2\/pages\/1353","targetHints":{"allow":["GET"]}}],"collection":[{"href":"https:\/\/www.mayaelle.org\/es\/wp-json\/wp\/v2\/pages"}],"about":[{"href":"https:\/\/www.mayaelle.org\/es\/wp-json\/wp\/v2\/types\/page"}],"author":[{"embeddable":true,"href":"https:\/\/www.mayaelle.org\/es\/wp-json\/wp\/v2\/users\/1"}],"replies":[{"embeddable":true,"href":"https:\/\/www.mayaelle.org\/es\/wp-json\/wp\/v2\/comments?post=1353"}],"version-history":[{"count":15,"href":"https:\/\/www.mayaelle.org\/es\/wp-json\/wp\/v2\/pages\/1353\/revisions"}],"predecessor-version":[{"id":2951,"href":"https:\/\/www.mayaelle.org\/es\/wp-json\/wp\/v2\/pages\/1353\/revisions\/2951"}],"up":[{"embeddable":true,"href":"https:\/\/www.mayaelle.org\/es\/wp-json\/wp\/v2\/pages\/1329"}],"wp:attachment":[{"href":"https:\/\/www.mayaelle.org\/es\/wp-json\/wp\/v2\/media?parent=1353"}],"curies":[{"name":"wp","href":"https:\/\/api.w.org\/{rel}","templated":true}]}}

<p><br><br>TESTIMONIO<br>«Yaëlle fue el salvavidas que me impidió hundirme gracias a su guía, competente, para encontrar el manual de usuario de mi autismo.»<br><br>¿POR QUÉ?<br>Para decir lo que no conseguimos decir en otros lugares, para hacer un paso de lado, intentar descifrar y comprender mejor lo que vivimos, para encontrar consejos para el cotidiano, para las relaciones, para el trabajo. Cosas que nos permitan a la vez mejor respectarnos a nosotros mismos, menos forzar, menos enmascarar, todo siendo mejor comprendidos y respetados por quienes nos rodean.<br><br>¿EXACTAMENTE QUÉ?<br>Ya sea a través del apoyo de la par-ayuda o del coaching de vida racional, el objetivo es brindarle elementos de comprensión y herramientas para favorecer su bienestar, dependiendo de lo que esté atravesando y de su solicitud. <br><br>LA PROPUESTA<br>&#8211; Sesión de 50 minutos en individual.<br>&#8211; Antes de la primera sesión, aprecio que me envíe un correo electrónico de presentación para mejor prepararme al contexto.<br>&#8211; Durante la sesión en presencial o en videollamada, el formato es flexible. Puede hablar primero o no.<br>&#8211; En caso de videollamada, la cámara es necesaria para la introducción, luego puede apagarla.<br>&#8211; No hay compromiso, hace la o las sesiones que necesite.<br>&#8211; Antes o después de cada sesión, sois libres de enviarme un correo para expresar su experiencia o hacer preguntas.<br><br>EL VALOR<br>64€ IVA incluido (21% de IVA incluido) por sesión.<br>50% de descuento para menores, personas sin trabajo y estudiantes.</p>



<p><a href="https://calendly.com/hello-mayaelle/decouverte?month=2025-10" data-type="link" data-id="https://calendly.com/hello-mayaelle/decouverte?month=2025-10" target="_blank" rel="noreferrer noopener">Reservar mi sesión descubrimiento 20 min gratuita</a></p>



<p><a href="https://calendly.com/hello-mayaelle/seance?month=2025-10" target="_blank" rel="noreferrer noopener">Reservar mi sesión de 50 minutos</a></p>



<p><a href="https://calendly.com/hello-mayaelle/seance-clone" target="_blank" rel="noreferrer noopener">Reservar mi sesión a mitad de precio</a></p>



<p><a href="https://calendly.com/hello-mayaelle/seance-a-prix-soutien" target="_blank" rel="noreferrer noopener">Reservar mi sesión con precio de apoyo para otra persona</a><br><br></p>



<p>OTROS LUGARES PARA EL ACOMPAÑAMIENTO (fr)<br><a href="https://www.autisme-ressources-lr.fr/familles/guidance-parentale" rel="noopener">Acompáñanos</a><br><a href="https://alexandrawonderhuman.wordpress.com" rel="noopener">Alexandra Sturer</a> par-ayuda profesional, especialización en TND (Trastornos del Neurodesarrollo), API (Alta Capacidad Intelectual), entorno inclusivo y amable comunidad LGBTQIA+<br><a href="https://www.therasphere.fr" data-type="link" data-id="https://www.therasphere.fr" rel="noopener">Fanny Terrisse</a> psicóloga especializada en EMDR, traumatología y TND<br><a href="https://annuaire.autismeinfoservice.fr/fiche/details/id:3956/" rel="noopener">Astrid Kremmer</a> TEA API TND TDAH perfil sensorial, acompañamiento<br><a href="https://www.genepsy.com" rel="noopener">GENEPSY</a> evaluación del funcionamiento cognitivo, comportamental y emocional, TCC<br>Página web <a href="https://graafautisme.wixsite.com/graafautisme" rel="noopener">GRAIF</a> agrupamiento de mujeres autistas<br><a href="https://www.psycom.org" rel="noopener">Psycom</a> directorio, recursos, herramientas, lugares de acompañamiento, asociaciones<br><a href="https://cn2r.fr/marie-rabatel-vulnarabilite-des-femmes-avec-tsa-et-tspt/" rel="noopener">Autismo y estrés postraumático</a></p>



<p></p>



<p></p>



<p></p>

<p>TESTIMONIO«Yaëlle fue el salvavidas que me impidió hundirme gracias a su guía, competente, para encontrar el manual de usuario de mi autismo.» ¿POR QUÉ?Para decir lo que no conseguimos decir en otros lugares, para hacer un paso de lado, intentar descifrar y comprender mejor lo que vivimos, para encontrar consejos para el cotidiano, para las [&hellip;]</p>

TESTIMONIO«Yaëlle fue el salvavidas que me impidió hundirme gracias a su guía, competente, para encontrar el manual de usuario de mi autismo.» ¿POR QUÉ?Para decir lo que no conseguimos decir en otros lugares, para hacer un paso de lado, intentar descifrar y comprender mejor lo que vivimos, para encontrar consejos para el cotidiano, para las&hellip;
