{"id":1750,"date":"2025-03-07T15:24:14","date_gmt":"2025-03-07T14:24:14","guid":{"rendered":"https:\/\/www.mayaelle.org\/?page_id=1750"},"modified":"2025-11-04T12:49:07","modified_gmt":"2025-11-04T11:49:07","slug":"audit-entreprise","status":"publish","type":"page","link":"https:\/\/www.mayaelle.org\/es\/seances\/audit-entreprise\/","title":{"rendered":"Auditor\u00eda empresa"},"content":{"rendered":"\n<p><br><br>\u00bfPOR QU\u00c9?<br>\u00bfEs usted un empleador y os importa la inclusi\u00f3n de vuestros colaboradores? \u00bfTrabaj\u00e1is en una empresa que evoluciona sobre sus pr\u00e1cticas de RSE (responsabilidad social y ecol\u00f3gica) y se cuestiona sobre los m\u00e1rgenes de progresi\u00f3n posibles?<br><br>\u00bfEXACTAMENTE QU\u00c9?<br>Como jefa de empresa durante m\u00e1s de 20 a\u00f1os y empleadora durante 15 a\u00f1os, puedo hacer una evaluaci\u00f3n neutra y externa de vuestras pr\u00e1cticas, una auditor\u00eda o un acompa\u00f1amiento personalizado. Puedo o\u00edr y comprender sus retos y problem\u00e1ticas y brindar una perspectiva complementaria.<br><br>LA PROPUESTA<br>&#8211; Escucha de sus expectativas, solicitudes y necesidades.<br>&#8211; Fase de observaci\u00f3n.<br>&#8211; Trabajo en grupo y co-construcci\u00f3n.<br>&#8211; Propuestas y restituci\u00f3n.<\/p>\n\n\n\n<p>Posibilidad de intervenci\u00f3n a medida con establecimiento y servicio de ayuda al trabajo, residencia de ancianos dependientes, empresas privadas o p\u00fablicas.<br><br>EL VALOR<br>Con presupuesto. Una vez la aceptaci\u00f3n, se requiere un dep\u00f3sito del 50% para confirmar el servicio. El resto se abonar\u00e1 15 d\u00edas despu\u00e9s de la entrega final.<br><\/p>\n\n\n\n<p><\/p>\n\n\n\n<p class=\"has-text-align-center\"><em><br><\/em><\/p>\n","protected":false},"excerpt":{"rendered":"<p>\u00bfPOR QU\u00c9?\u00bfEs usted un empleador y os importa la inclusi\u00f3n de vuestros colaboradores? \u00bfTrabaj\u00e1is en una empresa que evoluciona sobre sus pr\u00e1cticas de RSE (responsabilidad social y ecol\u00f3gica) y se cuestiona sobre los m\u00e1rgenes de progresi\u00f3n posibles? \u00bfEXACTAMENTE QU\u00c9?Como jefa de empresa durante m\u00e1s de 20 a\u00f1os y empleadora durante 15 a\u00f1os, puedo hacer una [&hellip;]<\/p>\n","protected":false},"author":1,"featured_media":0,"parent":1329,"menu_order":0,"comment_status":"closed","ping_status":"closed","template":"","meta":{"footnotes":""},"class_list":["post-1750","page","type-page","status-publish","hentry"],"pbg_featured_image_src":{"full":false,"thumbnail":false,"medium":false,"medium_large":false,"large":false,"1536x1536":false,"2048x2048":false},"pbg_author_info":{"display_name":"admin","author_link":"https:\/\/www.mayaelle.org\/es\/author\/admin\/","author_img":"<img src=\"https:\/\/www.mayaelle.org\/es\/wp-content\/plugins\/profilegrid-user-profiles-groups-and-communities\/public\/\/partials\/images\/admin-default-user.png\" width=\"128\" height=\"128\" class=\"user-profile-image\" \/>"},"pbg_comment_info":" No Comments","pbg_excerpt":"\u00bfPOR QU\u00c9?\u00bfEs usted un empleador y os importa la inclusi\u00f3n de vuestros colaboradores? \u00bfTrabaj\u00e1is en una empresa que evoluciona sobre sus pr\u00e1cticas de RSE (responsabilidad social y ecol\u00f3gica) y se cuestiona sobre los m\u00e1rgenes de progresi\u00f3n posibles? \u00bfEXACTAMENTE QU\u00c9?Como jefa de empresa durante m\u00e1s de 20 a\u00f1os y empleadora durante 15 a\u00f1os, puedo hacer una&hellip;","_links":{"self":[{"href":"https:\/\/www.mayaelle.org\/es\/wp-json\/wp\/v2\/pages\/1750","targetHints":{"allow":["GET"]}}],"collection":[{"href":"https:\/\/www.mayaelle.org\/es\/wp-json\/wp\/v2\/pages"}],"about":[{"href":"https:\/\/www.mayaelle.org\/es\/wp-json\/wp\/v2\/types\/page"}],"author":[{"embeddable":true,"href":"https:\/\/www.mayaelle.org\/es\/wp-json\/wp\/v2\/users\/1"}],"replies":[{"embeddable":true,"href":"https:\/\/www.mayaelle.org\/es\/wp-json\/wp\/v2\/comments?post=1750"}],"version-history":[{"count":8,"href":"https:\/\/www.mayaelle.org\/es\/wp-json\/wp\/v2\/pages\/1750\/revisions"}],"predecessor-version":[{"id":2843,"href":"https:\/\/www.mayaelle.org\/es\/wp-json\/wp\/v2\/pages\/1750\/revisions\/2843"}],"up":[{"embeddable":true,"href":"https:\/\/www.mayaelle.org\/es\/wp-json\/wp\/v2\/pages\/1329"}],"wp:attachment":[{"href":"https:\/\/www.mayaelle.org\/es\/wp-json\/wp\/v2\/media?parent=1750"}],"curies":[{"name":"wp","href":"https:\/\/api.w.org\/{rel}","templated":true}]}}

Auditoría empresa

<p><br><br>¿POR QUÉ?<br>¿Es usted un empleador y os importa la inclusión de vuestros colaboradores? ¿Trabajáis en una empresa que evoluciona sobre sus prácticas de RSE (responsabilidad social y ecológica) y se cuestiona sobre los márgenes de progresión posibles?<br><br>¿EXACTAMENTE QUÉ?<br>Como jefa de empresa durante más de 20 años y empleadora durante 15 años, puedo hacer una evaluación neutra y externa de vuestras prácticas, una auditoría o un acompañamiento personalizado. Puedo oír y comprender sus retos y problemáticas y brindar una perspectiva complementaria.<br><br>LA PROPUESTA<br>&#8211; Escucha de sus expectativas, solicitudes y necesidades.<br>&#8211; Fase de observación.<br>&#8211; Trabajo en grupo y co-construcción.<br>&#8211; Propuestas y restitución.</p>



<p>Posibilidad de intervención a medida con establecimiento y servicio de ayuda al trabajo, residencia de ancianos dependientes, empresas privadas o públicas.<br><br>EL VALOR<br>Con presupuesto. Una vez la aceptación, se requiere un depósito del 50% para confirmar el servicio. El resto se abonará 15 días después de la entrega final.<br></p>



<p></p>



<p class="has-text-align-center"><em><br></em></p>

<p>¿POR QUÉ?¿Es usted un empleador y os importa la inclusión de vuestros colaboradores? ¿Trabajáis en una empresa que evoluciona sobre sus prácticas de RSE (responsabilidad social y ecológica) y se cuestiona sobre los márgenes de progresión posibles? ¿EXACTAMENTE QUÉ?Como jefa de empresa durante más de 20 años y empleadora durante 15 años, puedo hacer una [&hellip;]</p>

¿POR QUÉ?¿Es usted un empleador y os importa la inclusión de vuestros colaboradores? ¿Trabajáis en una empresa que evoluciona sobre sus prácticas de RSE (responsabilidad social y ecológica) y se cuestiona sobre los márgenes de progresión posibles? ¿EXACTAMENTE QUÉ?Como jefa de empresa durante más de 20 años y empleadora durante 15 años, puedo hacer una&hellip;
