{"id":1941,"date":"2025-03-18T16:14:50","date_gmt":"2025-03-18T15:14:50","guid":{"rendered":"https:\/\/www.mayaelle.org\/?page_id=1941"},"modified":"2025-12-05T11:20:34","modified_gmt":"2025-12-05T10:20:34","slug":"pair-aidance","status":"publish","type":"page","link":"https:\/\/www.mayaelle.org\/es\/seances\/pair-aidance\/","title":{"rendered":"Par-ayudante familiar &#8211; Apoyo mutual familiar"},"content":{"rendered":"\n<p><\/p>\n\n\n\n<p><br>TESTIMONIO<br>\u00abHab\u00eda dejado de pedir ayuda. Ya no hablaba al m\u00e9dico, al terapeuta, ni siquiera al dentista o al farmac\u00e9utico, tan acostumbrada a ser juzgada e incomprendida. La par-ayuda me brind\u00f3 un lugar de palabra libre donde me sent\u00ed en seguridad.\u00bb<br><br>\u00bfPOR QU\u00c9?<br>Para decir lo que no conseguimos decir en otros lugares, para hacer un paso de lado, intentar descifrar y comprender mejor lo que vivimos, para encontrar consejos para el cotidiano, para las relaciones, para el trabajo. Cosas que nos permitan a la vez mejor respectarnos a nosotros mismos, menos forzar, menos enmascarar, todo siendo mejor comprendidos y respetados por quienes nos rodean.<br><br>\u00bfEXACTAMENTE QU\u00c9?<br>Ya sea a trav\u00e9s del apoyo de la par-ayuda o del coaching de vida racional, el objetivo es brindarle elementos de comprensi\u00f3n y herramientas para favorecer su bienestar, dependiendo de lo que est\u00e9 atravesando y de su solicitud.<br><br>LA PROPUESTA<br>&#8211; Sesi\u00f3n de una hora, individual o en pareja. <br>&#8211; Antes de la primera sesi\u00f3n, aprecio que me env\u00ede un correo electr\u00f3nico de presentaci\u00f3n para mejor prepararme al contexto.<br>&#8211; Durante la sesi\u00f3n en presencial o en videollamada, el formato es flexible. Puede hablar primero o no. <br>&#8211; En caso de videollamada, la c\u00e1mara es necesaria para la introducci\u00f3n, luego puede apagarla.<br>&#8211; No hay compromiso, hace la o las sesiones que necesite.<br>&#8211; Antes o despu\u00e9s de cada sesi\u00f3n, sois libres de enviarme un correo para expresar su experiencia o hacer preguntas.<br><br>EL VALOR<br>64 \u20ac IVA incluido (21% de IVA incluido) por sesi\u00f3n.<\/p>\n\n\n\n<p><a href=\"https:\/\/calendly.com\/hello-mayaelle\/decouverte?month=2025-10\" data-type=\"link\" data-id=\"https:\/\/calendly.com\/hello-mayaelle\/decouverte?month=2025-10\" target=\"_blank\" rel=\"noreferrer noopener\">Reservar mi sesi\u00f3n descubrimiento 20 min gratuita<\/a><\/p>\n\n\n\n<p><a href=\"https:\/\/calendly.com\/hello-mayaelle\/seance?month=2025-10\" target=\"_blank\" rel=\"noreferrer noopener\">Reservar mi sesi\u00f3n de 50 minutos<\/a><\/p>\n\n\n\n<p><a href=\"https:\/\/calendly.com\/hello-mayaelle\/seance-clone\" target=\"_blank\" rel=\"noreferrer noopener\">Reservar mi sesi\u00f3n a mitad de precio<\/a><\/p>\n\n\n\n<p><a href=\"https:\/\/calendly.com\/hello-mayaelle\/seance-a-prix-soutien\" target=\"_blank\" rel=\"noreferrer noopener\">Reservar mi sesi\u00f3n con precio de apoyo para otra persona<\/a><\/p>\n\n\n\n<p><\/p>\n\n\n\n<p><br><br>OTROS LUGARES (fr)<br><a href=\"https:\/\/centre-imind.fr\" rel=\"noopener\">Centro Imind<\/a>, Lyon pero muchos recursos en l\u00ednea y seminarios web<br><a href=\"https:\/\/strasand.fr\" data-type=\"link\" data-id=\"https:\/\/strasand.fr\" rel=\"noopener\">Strasand<\/a>, otro centro de excelencia de TND, numerosos recursos en l\u00ednea<br><a href=\"https:\/\/gncra.fr\" rel=\"noopener\">GNCRA<\/a> formaciones, kit de com&#8217;autismo, directorios, proceso de diagn\u00f3stico<br><a href=\"https:\/\/maisondelautisme.gouv.fr\" rel=\"noopener\">La casa del autismo<\/a> gu\u00edas pr\u00e1cticas, directorios, etc.<br><br><br>M\u00c1S INFORMACI\u00d3N <br>El cuidador familiar, es una persona de recurso que brinda su apoyo a la persona en situaci\u00f3n de discapacidad, de enfermedad, de dificultad. No siempre es una elecci\u00f3n, y, a menudo, se practica solo.<br><br>El par-ayudante, familiar, utiliza por su parte&nbsp;su saber experiencial y conocimientos con el fin de acompa\u00f1ar a los que rodean a una persona que vive con trastornos psicol\u00f3gicos. El par-ayudante <strong>familiar<\/strong>, al igual que el par-ayudante, ha seguido una formaci\u00f3n, en general universitaria.<br>A diferencia del cuidador familiar, es una decisi\u00f3n personal, independientemente del modo en el cual ejerce.&nbsp;<br>Este acompa\u00f1amiento se hace en el proceso de recuperaci\u00f3n.<br>Seg\u00fan la elecci\u00f3n del cliente, se puede hacer en relaci\u00f3n -o no- &nbsp;con el equipo de cuidadores del ser querido apoyado.<br><br>A menudo, la familia siente un fuerte sentimiento de impotencia, o incluso se siente excluida de los cuidados o de la recuperaci\u00f3n del ser querido.<br>La persona afectada, por su parte, se siente culpable de hacer \u00abtanto sufrir\u00bb&nbsp;a la familia.<br>El estado de salud mental del ser querido afecta el estado de la familia.<br>Sin embargo, la familia, cuando est\u00e1 aqu\u00ed y con disposiciones, es un recurso invaluable y un apoyo poderoso para el ser querido. Pero puede ser socavada por el sistema.<br>Al escucharla, al hacerla participar, recupera sus capacidades mediante el apoyo a los cuidadores. <br><br>En el contexto del autismo, a\u00fan encontramos a veces estos mitos de \u00abla culpa es de la madre\u00bb&nbsp;que conducen a un distanciamiento, argumentando de la familia que ella ser\u00eda \u00abesquizofr\u00e9nica\u00bb.<br>O simplemente profesionales o instituciones en desacuerdo con la implicaci\u00f3n de la familia. Se puede observar por preguntas orientadas sobre la educaci\u00f3n brindada, el tipo de v\u00ednculos emocionales construidos, y que evaden la informaci\u00f3n que la familia desear\u00eda proporcionar<br><br>Por otro lado, numerosos psiquiatras y equipos de cuidado observan que implementar, lo m\u00e1s temprano posible y de manera sistem\u00e1tica, la ayuda a los cuidadores, incluso con la integraci\u00f3n de un par-ayudante familiar profesional (tambi\u00e9n llamado mediador par en salud o par-practicante familiar), apoya a la familia, que se vuelve realmente ayudante sin destruirse, y consigue movilizar sus propios recursos de resiliencia.<br>Los ayudantes, los seres queridos, recuperan el hilo de su hilo y son de nuevo soportes confiables para sus seres queridos.<br>Encuentran una red, crean v\u00ednculos, hablan con personas que comprenden lo que viven.<br>A esto lo llamamos \u00abempowerment\u00bb&nbsp;de las familias. \u00a1Ya no someterse, sino actuar!<br>Ponerse de nuevo en una posici\u00f3n de acci\u00f3n.<br>Lo que es dif\u00edcil cuando se est\u00e1 solo, que tenemos la impresi\u00f3n de nunca ver la luz al final del t\u00fanel y de no estar o\u00eddo, entendido.<br><br><\/p>\n","protected":false},"excerpt":{"rendered":"<p>TESTIMONIO\u00abHab\u00eda dejado de pedir ayuda. Ya no hablaba al m\u00e9dico, al terapeuta, ni siquiera al dentista o al farmac\u00e9utico, tan acostumbrada a ser juzgada e incomprendida. La par-ayuda me brind\u00f3 un lugar de palabra libre donde me sent\u00ed en seguridad.\u00bb \u00bfPOR QU\u00c9?Para decir lo que no conseguimos decir en otros lugares, para hacer un paso [&hellip;]<\/p>\n","protected":false},"author":1,"featured_media":0,"parent":1329,"menu_order":0,"comment_status":"open","ping_status":"closed","template":"","meta":{"footnotes":""},"class_list":["post-1941","page","type-page","status-publish","hentry"],"pbg_featured_image_src":{"full":false,"thumbnail":false,"medium":false,"medium_large":false,"large":false,"1536x1536":false,"2048x2048":false},"pbg_author_info":{"display_name":"admin","author_link":"https:\/\/www.mayaelle.org\/es\/author\/admin\/","author_img":"<img src=\"https:\/\/www.mayaelle.org\/es\/wp-content\/plugins\/profilegrid-user-profiles-groups-and-communities\/public\/\/partials\/images\/admin-default-user.png\" width=\"128\" height=\"128\" class=\"user-profile-image\" \/>"},"pbg_comment_info":" No Comments","pbg_excerpt":"TESTIMONIO\u00abHab\u00eda dejado de pedir ayuda. Ya no hablaba al m\u00e9dico, al terapeuta, ni siquiera al dentista o al farmac\u00e9utico, tan acostumbrada a ser juzgada e incomprendida. La par-ayuda me brind\u00f3 un lugar de palabra libre donde me sent\u00ed en seguridad.\u00bb \u00bfPOR QU\u00c9?Para decir lo que no conseguimos decir en otros lugares, para hacer un paso&hellip;","_links":{"self":[{"href":"https:\/\/www.mayaelle.org\/es\/wp-json\/wp\/v2\/pages\/1941","targetHints":{"allow":["GET"]}}],"collection":[{"href":"https:\/\/www.mayaelle.org\/es\/wp-json\/wp\/v2\/pages"}],"about":[{"href":"https:\/\/www.mayaelle.org\/es\/wp-json\/wp\/v2\/types\/page"}],"author":[{"embeddable":true,"href":"https:\/\/www.mayaelle.org\/es\/wp-json\/wp\/v2\/users\/1"}],"replies":[{"embeddable":true,"href":"https:\/\/www.mayaelle.org\/es\/wp-json\/wp\/v2\/comments?post=1941"}],"version-history":[{"count":14,"href":"https:\/\/www.mayaelle.org\/es\/wp-json\/wp\/v2\/pages\/1941\/revisions"}],"predecessor-version":[{"id":2972,"href":"https:\/\/www.mayaelle.org\/es\/wp-json\/wp\/v2\/pages\/1941\/revisions\/2972"}],"up":[{"embeddable":true,"href":"https:\/\/www.mayaelle.org\/es\/wp-json\/wp\/v2\/pages\/1329"}],"wp:attachment":[{"href":"https:\/\/www.mayaelle.org\/es\/wp-json\/wp\/v2\/media?parent=1941"}],"curies":[{"name":"wp","href":"https:\/\/api.w.org\/{rel}","templated":true}]}}

<p></p>



<p><br>TESTIMONIO<br>«Había dejado de pedir ayuda. Ya no hablaba al médico, al terapeuta, ni siquiera al dentista o al farmacéutico, tan acostumbrada a ser juzgada e incomprendida. La par-ayuda me brindó un lugar de palabra libre donde me sentí en seguridad.»<br><br>¿POR QUÉ?<br>Para decir lo que no conseguimos decir en otros lugares, para hacer un paso de lado, intentar descifrar y comprender mejor lo que vivimos, para encontrar consejos para el cotidiano, para las relaciones, para el trabajo. Cosas que nos permitan a la vez mejor respectarnos a nosotros mismos, menos forzar, menos enmascarar, todo siendo mejor comprendidos y respetados por quienes nos rodean.<br><br>¿EXACTAMENTE QUÉ?<br>Ya sea a través del apoyo de la par-ayuda o del coaching de vida racional, el objetivo es brindarle elementos de comprensión y herramientas para favorecer su bienestar, dependiendo de lo que esté atravesando y de su solicitud.<br><br>LA PROPUESTA<br>&#8211; Sesión de una hora, individual o en pareja. <br>&#8211; Antes de la primera sesión, aprecio que me envíe un correo electrónico de presentación para mejor prepararme al contexto.<br>&#8211; Durante la sesión en presencial o en videollamada, el formato es flexible. Puede hablar primero o no. <br>&#8211; En caso de videollamada, la cámara es necesaria para la introducción, luego puede apagarla.<br>&#8211; No hay compromiso, hace la o las sesiones que necesite.<br>&#8211; Antes o después de cada sesión, sois libres de enviarme un correo para expresar su experiencia o hacer preguntas.<br><br>EL VALOR<br>64 € IVA incluido (21% de IVA incluido) por sesión.</p>



<p><a href="https://calendly.com/hello-mayaelle/decouverte?month=2025-10" data-type="link" data-id="https://calendly.com/hello-mayaelle/decouverte?month=2025-10" target="_blank" rel="noreferrer noopener">Reservar mi sesión descubrimiento 20 min gratuita</a></p>



<p><a href="https://calendly.com/hello-mayaelle/seance?month=2025-10" target="_blank" rel="noreferrer noopener">Reservar mi sesión de 50 minutos</a></p>



<p><a href="https://calendly.com/hello-mayaelle/seance-clone" target="_blank" rel="noreferrer noopener">Reservar mi sesión a mitad de precio</a></p>



<p><a href="https://calendly.com/hello-mayaelle/seance-a-prix-soutien" target="_blank" rel="noreferrer noopener">Reservar mi sesión con precio de apoyo para otra persona</a></p>



<p></p>



<p><br><br>OTROS LUGARES (fr)<br><a href="https://centre-imind.fr" rel="noopener">Centro Imind</a>, Lyon pero muchos recursos en línea y seminarios web<br><a href="https://strasand.fr" data-type="link" data-id="https://strasand.fr" rel="noopener">Strasand</a>, otro centro de excelencia de TND, numerosos recursos en línea<br><a href="https://gncra.fr" rel="noopener">GNCRA</a> formaciones, kit de com&#8217;autismo, directorios, proceso de diagnóstico<br><a href="https://maisondelautisme.gouv.fr" rel="noopener">La casa del autismo</a> guías prácticas, directorios, etc.<br><br><br>MÁS INFORMACIÓN <br>El cuidador familiar, es una persona de recurso que brinda su apoyo a la persona en situación de discapacidad, de enfermedad, de dificultad. No siempre es una elección, y, a menudo, se practica solo.<br><br>El par-ayudante, familiar, utiliza por su parte&nbsp;su saber experiencial y conocimientos con el fin de acompañar a los que rodean a una persona que vive con trastornos psicológicos. El par-ayudante <strong>familiar</strong>, al igual que el par-ayudante, ha seguido una formación, en general universitaria.<br>A diferencia del cuidador familiar, es una decisión personal, independientemente del modo en el cual ejerce.&nbsp;<br>Este acompañamiento se hace en el proceso de recuperación.<br>Según la elección del cliente, se puede hacer en relación -o no- &nbsp;con el equipo de cuidadores del ser querido apoyado.<br><br>A menudo, la familia siente un fuerte sentimiento de impotencia, o incluso se siente excluida de los cuidados o de la recuperación del ser querido.<br>La persona afectada, por su parte, se siente culpable de hacer «tanto sufrir»&nbsp;a la familia.<br>El estado de salud mental del ser querido afecta el estado de la familia.<br>Sin embargo, la familia, cuando está aquí y con disposiciones, es un recurso invaluable y un apoyo poderoso para el ser querido. Pero puede ser socavada por el sistema.<br>Al escucharla, al hacerla participar, recupera sus capacidades mediante el apoyo a los cuidadores. <br><br>En el contexto del autismo, aún encontramos a veces estos mitos de «la culpa es de la madre»&nbsp;que conducen a un distanciamiento, argumentando de la familia que ella sería «esquizofrénica».<br>O simplemente profesionales o instituciones en desacuerdo con la implicación de la familia. Se puede observar por preguntas orientadas sobre la educación brindada, el tipo de vínculos emocionales construidos, y que evaden la información que la familia desearía proporcionar<br><br>Por otro lado, numerosos psiquiatras y equipos de cuidado observan que implementar, lo más temprano posible y de manera sistemática, la ayuda a los cuidadores, incluso con la integración de un par-ayudante familiar profesional (también llamado mediador par en salud o par-practicante familiar), apoya a la familia, que se vuelve realmente ayudante sin destruirse, y consigue movilizar sus propios recursos de resiliencia.<br>Los ayudantes, los seres queridos, recuperan el hilo de su hilo y son de nuevo soportes confiables para sus seres queridos.<br>Encuentran una red, crean vínculos, hablan con personas que comprenden lo que viven.<br>A esto lo llamamos «empowerment»&nbsp;de las familias. ¡Ya no someterse, sino actuar!<br>Ponerse de nuevo en una posición de acción.<br>Lo que es difícil cuando se está solo, que tenemos la impresión de nunca ver la luz al final del túnel y de no estar oído, entendido.<br><br></p>

<p>TESTIMONIO«Había dejado de pedir ayuda. Ya no hablaba al médico, al terapeuta, ni siquiera al dentista o al farmacéutico, tan acostumbrada a ser juzgada e incomprendida. La par-ayuda me brindó un lugar de palabra libre donde me sentí en seguridad.» ¿POR QUÉ?Para decir lo que no conseguimos decir en otros lugares, para hacer un paso [&hellip;]</p>

TESTIMONIO«Había dejado de pedir ayuda. Ya no hablaba al médico, al terapeuta, ni siquiera al dentista o al farmacéutico, tan acostumbrada a ser juzgada e incomprendida. La par-ayuda me brindó un lugar de palabra libre donde me sentí en seguridad.» ¿POR QUÉ?Para decir lo que no conseguimos decir en otros lugares, para hacer un paso&hellip;
