{"id":16,"date":"2024-01-22T18:44:11","date_gmt":"2024-01-22T17:44:11","guid":{"rendered":"https:\/\/www.mayaelle.org\/?page_id=16"},"modified":"2026-03-23T18:33:16","modified_gmt":"2026-03-23T17:33:16","slug":"parcours","status":"publish","type":"page","link":"https:\/\/www.mayaelle.org\/fr\/qui-suis-je\/parcours\/","title":{"rendered":"Parcours"},"content":{"rendered":"\n<p class=\"has-heading-font-family\" style=\"font-size:clamp(0.875rem, 0.875rem + ((1vw - 0.2rem) * 0.708), 1.3rem);\"><\/p>\n\n\n\n<p class=\"has-heading-font-family\" style=\"font-size:clamp(0.875rem, 0.875rem + ((1vw - 0.2rem) * 0.708), 1.3rem);\"><strong>Un parcours au croisement de l\u2019entreprise et de la sant\u00e9 mentale<\/strong><\/p>\n\n\n\n<p class=\"has-heading-font-family\" style=\"font-size:clamp(0.875rem, 0.875rem + ((1vw - 0.2rem) * 0.708), 1.3rem);\"><strong><em>Itin\u00e9raire d&rsquo;une pair-praticienne familiale professionnelle<\/em><\/strong><\/p>\n\n\n\n<p>Depuis la Suisse, en passant par la France et l&rsquo;Espagne, de la vie communautaire \u00e0 la gestion d&rsquo;entreprise, d&rsquo;\u00e9quipes et de projets, en passant par l&rsquo;accompagnement en milieu professionnel de personnes neurodivergentes, j&rsquo;ai toujours \u00e9t\u00e9 anim\u00e9e par la volont\u00e9 de comprendre et de r\u00e9soudre des \u00e9nigmes !<br><br>Ma famille sous le signe de la neurodiversit\u00e9, mon parcours associatif dans les troubles du neurod\u00e9veloppement, et ma passion pour comprendre les relations m&rsquo;ont permis d&rsquo;acqu\u00e9rir un savoir exp\u00e9rientiel et acad\u00e9mique.<br><br>20 ans en Suisse, 18 ans en France et, depuis, 10 ans en Espagne* (Catalogne). Vivre et travailler dans 3 pays m&rsquo;a donn\u00e9 une lecture riche des pratiques, des difficult\u00e9s, du type de r\u00e9ponses apport\u00e9es. La prise en charge des TND en Catalogne nous a particuli\u00e8rement aid\u00e9s et m&rsquo;a enseign\u00e9 des pratiques EBM (Evidence Based Medecine) pr\u00e9cieuses, ainsi que l&rsquo;\u00e9coute et la prise en compte du patient comme de sa famille.<br><br>Dipl\u00f4m\u00e9e en<a href=\"https:\/\/centre-imind.fr\/du-pair-aidance-familiale\/\" data-type=\"link\" data-id=\"https:\/\/centre-imind.fr\/du-pair-aidance-familiale\/\" target=\"_blank\" rel=\"noopener\"> pair-aidance familiale professionnelle<\/a> \u00e0 la facult\u00e9 de m\u00e9decin Lyon 1, je poursuis ma formation avec un <a href=\"https:\/\/centre-ressource-rehabilitation.org\/du-de-psychoeducation-88-634\" data-type=\"link\" data-id=\"https:\/\/centre-ressource-rehabilitation.org\/du-de-psychoeducation-88-634\" target=\"_blank\" rel=\"noopener\">DU de psycho\u00e9ducation et \u00e9ducation th\u00e9rapeutique du patient<\/a>. La pair-aidance familiale, ou \u00eatre pair-praticien familial, c&rsquo;est accompagner les familles d&rsquo;usagers en sant\u00e9 mentale, leur offrir un espace de parole et de soutien s\u00e9curis\u00e9, favoriser leur prise en compte et leur implication pour leurs proches. <br><br>Je suis \u00e9galement une<a href=\"https:\/\/malka.fr\" data-type=\"link\" data-id=\"https:\/\/malka.fr\" target=\"_blank\" rel=\"noopener\"> formation de coaching de vie rationnel, aupr\u00e8s d&rsquo;un psychologue<\/a> ayant travaill\u00e9 plus de 17 ans dans la lutte anti-secte et l&rsquo;accompagnement des personnes sortant de d\u00e9rives sectaires. Cette formation consiste, via des techniques de TCC, \u00e0 accompagner la personne pour faire la part des choses entre l&rsquo;irrationnel et le rationnel, et donner des outils concrets pour avancer en autonomie et en auto-soin.<br><br>Je suis amen\u00e9e \u00e0 faire des <a href=\"https:\/\/rec-toulouse.fr\/intervenants\/Yaelle\" data-type=\"link\" data-id=\"https:\/\/rec-toulouse.fr\/intervenants\/Yaelle\" target=\"_blank\" rel=\"noopener\">conf\u00e9rences<\/a> et des formations, et transmets \u00e9galement beaucoup de choses \u00e0 travers mon<a href=\"https:\/\/podcast.ausha.co\/fais-un-effort-chroniques-du-tsa\" data-type=\"link\" data-id=\"https:\/\/podcast.ausha.co\/fais-un-effort-chroniques-du-tsa\" target=\"_blank\" rel=\"noopener\"> podcast<\/a> et le groupe priv\u00e9 qui s&rsquo;est construit autour.<\/p>\n\n\n\n<p>Je consid\u00e8re la sant\u00e9 mentale dans sa globalit\u00e9, en tenant compte des dimensions corporelles, psychologiques et socio-\u00e9conomiques. <br>Je m&rsquo;appuie sur des formations solides, des exp\u00e9riences de terrain,  une veille constante et le travail en r\u00e9seau de professionnels de sant\u00e9-\u00e9ducation-justice pour vous proposer un accompagnement personnalis\u00e9 et adapt\u00e9 \u00e0 vos besoins sp\u00e9cifiques.<br><\/p>\n\n\n\n<p>Je participe \u00e0 des interdisions entre professionnels de la pair aidance et de l&rsquo;accompagnement, et suis supervis\u00e9e par une neuropsychologue, tandis que nos pratiques sont \u00e9valu\u00e9es dans le cadre de la Communaut\u00e9 de Pratique des Pairs Aidants Familiaux professionnels <\/p>\n\n\n\n<p>*<em>Vous avez le droit de calculer l&rsquo;\u00e2ge du capitaine. Mais je ne vous promets pas de mettre ces dates \u00e0 jour chaque ann\u00e9e, donc c&rsquo;est peut-\u00eatre encore plus. ^^<\/em><\/p>\n\n\n\n<p class=\"blockera-block blockera-block-wn0xsc\" style=\"border-top-width:1px;border-right-width:1px;border-bottom-width:1px;border-left-width:1px\"><strong>Je fais de la pair\u2011aidance et pair-aidance familiale, de la psycho\u00e9ducation, je ne fais pas de diagnostic ni de prescription. Je travaille en lien avec les \u00e9quipes de soin quand c\u2019est possible.<br>Mon accompagnement ne remplace pas un suivi m\u00e9dical ou psychologique.<br>Il vient en compl\u00e9ment, pour apporter des cl\u00e9s de compr\u00e9hension et des outils concrets dans le quotidien.<\/strong><\/p>\n\n\n\n<p><\/p>\n","protected":false},"excerpt":{"rendered":"<p>Un parcours au croisement de l\u2019entreprise et de la sant\u00e9 mentale Itin\u00e9raire d&rsquo;une pair-praticienne familiale professionnelle Depuis la Suisse, en passant par la France et l&rsquo;Espagne, de la vie communautaire \u00e0 la gestion d&rsquo;entreprise, d&rsquo;\u00e9quipes et de projets, en passant par l&rsquo;accompagnement en milieu professionnel de personnes neurodivergentes, j&rsquo;ai toujours \u00e9t\u00e9 anim\u00e9e par la volont\u00e9 [&hellip;]<\/p>\n","protected":false},"author":1,"featured_media":0,"parent":13,"menu_order":0,"comment_status":"closed","ping_status":"closed","template":"","meta":{"footnotes":""},"class_list":["post-16","page","type-page","status-publish","hentry"],"pbg_featured_image_src":{"full":false,"thumbnail":false,"medium":false,"medium_large":false,"large":false,"1536x1536":false,"2048x2048":false},"pbg_author_info":{"display_name":"admin","author_link":"https:\/\/www.mayaelle.org\/fr\/author\/admin\/","author_img":"<img src=\"https:\/\/www.mayaelle.org\/fr\/wp-content\/plugins\/profilegrid-user-profiles-groups-and-communities\/public\/\/partials\/images\/admin-default-user.png\" width=\"128\" height=\"128\" class=\"user-profile-image\" \/>"},"pbg_comment_info":" No Comments","pbg_excerpt":"Un parcours au croisement de l\u2019entreprise et de la sant\u00e9 mentale Itin\u00e9raire d&rsquo;une pair-praticienne familiale professionnelle Depuis la Suisse, en passant par la France et l&rsquo;Espagne, de la vie communautaire \u00e0 la gestion d&rsquo;entreprise, d&rsquo;\u00e9quipes et de projets, en passant par l&rsquo;accompagnement en milieu professionnel de personnes neurodivergentes, j&rsquo;ai toujours \u00e9t\u00e9 anim\u00e9e par la volont\u00e9\u2026","_links":{"self":[{"href":"https:\/\/www.mayaelle.org\/fr\/wp-json\/wp\/v2\/pages\/16","targetHints":{"allow":["GET"]}}],"collection":[{"href":"https:\/\/www.mayaelle.org\/fr\/wp-json\/wp\/v2\/pages"}],"about":[{"href":"https:\/\/www.mayaelle.org\/fr\/wp-json\/wp\/v2\/types\/page"}],"author":[{"embeddable":true,"href":"https:\/\/www.mayaelle.org\/fr\/wp-json\/wp\/v2\/users\/1"}],"replies":[{"embeddable":true,"href":"https:\/\/www.mayaelle.org\/fr\/wp-json\/wp\/v2\/comments?post=16"}],"version-history":[{"count":9,"href":"https:\/\/www.mayaelle.org\/fr\/wp-json\/wp\/v2\/pages\/16\/revisions"}],"predecessor-version":[{"id":3153,"href":"https:\/\/www.mayaelle.org\/fr\/wp-json\/wp\/v2\/pages\/16\/revisions\/3153"}],"up":[{"embeddable":true,"href":"https:\/\/www.mayaelle.org\/fr\/wp-json\/wp\/v2\/pages\/13"}],"wp:attachment":[{"href":"https:\/\/www.mayaelle.org\/fr\/wp-json\/wp\/v2\/media?parent=16"}],"curies":[{"name":"wp","href":"https:\/\/api.w.org\/{rel}","templated":true}]}}

<p class="has-heading-font-family" style="font-size:clamp(0.875rem, 0.875rem + ((1vw - 0.2rem) * 0.708), 1.3rem);"></p>



<p class="has-heading-font-family" style="font-size:clamp(0.875rem, 0.875rem + ((1vw - 0.2rem) * 0.708), 1.3rem);"><strong>Un parcours au croisement de l’entreprise et de la santé mentale</strong></p>



<p class="has-heading-font-family" style="font-size:clamp(0.875rem, 0.875rem + ((1vw - 0.2rem) * 0.708), 1.3rem);"><strong><em>Itinéraire d&rsquo;une pair-praticienne familiale professionnelle</em></strong></p>



<p>Depuis la Suisse, en passant par la France et l&rsquo;Espagne, de la vie communautaire à la gestion d&rsquo;entreprise, d&rsquo;équipes et de projets, en passant par l&rsquo;accompagnement en milieu professionnel de personnes neurodivergentes, j&rsquo;ai toujours été animée par la volonté de comprendre et de résoudre des énigmes !<br><br>Ma famille sous le signe de la neurodiversité, mon parcours associatif dans les troubles du neurodéveloppement, et ma passion pour comprendre les relations m&rsquo;ont permis d&rsquo;acquérir un savoir expérientiel et académique.<br><br>20 ans en Suisse, 18 ans en France et, depuis, 10 ans en Espagne* (Catalogne). Vivre et travailler dans 3 pays m&rsquo;a donné une lecture riche des pratiques, des difficultés, du type de réponses apportées. La prise en charge des TND en Catalogne nous a particulièrement aidés et m&rsquo;a enseigné des pratiques EBM (Evidence Based Medecine) précieuses, ainsi que l&rsquo;écoute et la prise en compte du patient comme de sa famille.<br><br>Diplômée en<a href="https://centre-imind.fr/du-pair-aidance-familiale/" data-type="link" data-id="https://centre-imind.fr/du-pair-aidance-familiale/" target="_blank" rel="noopener"> pair-aidance familiale professionnelle</a> à la faculté de médecin Lyon 1, je poursuis ma formation avec un <a href="https://centre-ressource-rehabilitation.org/du-de-psychoeducation-88-634" data-type="link" data-id="https://centre-ressource-rehabilitation.org/du-de-psychoeducation-88-634" target="_blank" rel="noopener">DU de psychoéducation et éducation thérapeutique du patient</a>. La pair-aidance familiale, ou être pair-praticien familial, c&rsquo;est accompagner les familles d&rsquo;usagers en santé mentale, leur offrir un espace de parole et de soutien sécurisé, favoriser leur prise en compte et leur implication pour leurs proches. <br><br>Je suis également une<a href="https://malka.fr" data-type="link" data-id="https://malka.fr" target="_blank" rel="noopener"> formation de coaching de vie rationnel, auprès d&rsquo;un psychologue</a> ayant travaillé plus de 17 ans dans la lutte anti-secte et l&rsquo;accompagnement des personnes sortant de dérives sectaires. Cette formation consiste, via des techniques de TCC, à accompagner la personne pour faire la part des choses entre l&rsquo;irrationnel et le rationnel, et donner des outils concrets pour avancer en autonomie et en auto-soin.<br><br>Je suis amenée à faire des <a href="https://rec-toulouse.fr/intervenants/Yaelle" data-type="link" data-id="https://rec-toulouse.fr/intervenants/Yaelle" target="_blank" rel="noopener">conférences</a> et des formations, et transmets également beaucoup de choses à travers mon<a href="https://podcast.ausha.co/fais-un-effort-chroniques-du-tsa" data-type="link" data-id="https://podcast.ausha.co/fais-un-effort-chroniques-du-tsa" target="_blank" rel="noopener"> podcast</a> et le groupe privé qui s&rsquo;est construit autour.</p>



<p>Je considère la santé mentale dans sa globalité, en tenant compte des dimensions corporelles, psychologiques et socio-économiques. <br>Je m&rsquo;appuie sur des formations solides, des expériences de terrain,  une veille constante et le travail en réseau de professionnels de santé-éducation-justice pour vous proposer un accompagnement personnalisé et adapté à vos besoins spécifiques.<br></p>



<p>Je participe à des interdisions entre professionnels de la pair aidance et de l&rsquo;accompagnement, et suis supervisée par une neuropsychologue, tandis que nos pratiques sont évaluées dans le cadre de la Communauté de Pratique des Pairs Aidants Familiaux professionnels </p>



<p>*<em>Vous avez le droit de calculer l&rsquo;âge du capitaine. Mais je ne vous promets pas de mettre ces dates à jour chaque année, donc c&rsquo;est peut-être encore plus. ^^</em></p>



<p class="blockera-block blockera-block-wn0xsc" style="border-top-width:1px;border-right-width:1px;border-bottom-width:1px;border-left-width:1px"><strong>Je fais de la pair‑aidance et pair-aidance familiale, de la psychoéducation, je ne fais pas de diagnostic ni de prescription. Je travaille en lien avec les équipes de soin quand c’est possible.<br>Mon accompagnement ne remplace pas un suivi médical ou psychologique.<br>Il vient en complément, pour apporter des clés de compréhension et des outils concrets dans le quotidien.</strong></p>



<p></p>

<p>Un parcours au croisement de l’entreprise et de la santé mentale Itinéraire d&rsquo;une pair-praticienne familiale professionnelle Depuis la Suisse, en passant par la France et l&rsquo;Espagne, de la vie communautaire à la gestion d&rsquo;entreprise, d&rsquo;équipes et de projets, en passant par l&rsquo;accompagnement en milieu professionnel de personnes neurodivergentes, j&rsquo;ai toujours été animée par la volonté [&hellip;]</p>

Un parcours au croisement de l’entreprise et de la santé mentale Itinéraire d&rsquo;une pair-praticienne familiale professionnelle Depuis la Suisse, en passant par la France et l&rsquo;Espagne, de la vie communautaire à la gestion d&rsquo;entreprise, d&rsquo;équipes et de projets, en passant par l&rsquo;accompagnement en milieu professionnel de personnes neurodivergentes, j&rsquo;ai toujours été animée par la volonté…
